{"id":2762,"date":"2020-02-29T10:34:42","date_gmt":"2020-02-29T09:34:42","guid":{"rendered":"http:\/\/begirada.fr\/?page_id=2762"},"modified":"2020-03-01T12:01:48","modified_gmt":"2020-03-01T11:01:48","slug":"cours-photos","status":"publish","type":"page","link":"https:\/\/begirada.fr\/index.php\/cours-photos\/","title":{"rendered":"Cours photos"},"content":{"rendered":"<h4><span style=\"color: #ffffff;\">\u00a0.<\/span><\/h4>\n<h5><strong>Le club propose des formations individualis\u00e9es sur mesure pour les d\u00e9butants.<\/strong><\/h5>\n<p><strong>Th\u00e8mes propos\u00e9s \u00e0 adapter selon vos besoins:\u00a0<\/strong><\/p>\n<ul>\n<li>Prendre en main son appareil photo.<\/li>\n<li>Comprendre les notions d&rsquo;iso, de vitesse, d&rsquo;ouverture pour sortir du mode automatique.<\/li>\n<li>Technique de prise de vue, les bonnes pratiques pour commencer ( composition, cadrage, compr\u00e9hension de la lumi\u00e8re).<\/li>\n<li>Utiliser des logiciels de post-traitement (lightroom, photoshop).<\/li>\n<\/ul>\n<p>&nbsp;<\/p>\n<h6><strong>Tarifs: (par module de 2 heures)<\/strong><\/h6>\n<ul>\n<li>Pour les adh\u00e9rents au club:\u00a0 5 euros les 2 premi\u00e8res heures puis 20 euros les modules suivants.<\/li>\n<li>Pour les non-adh\u00e9rents : 30 euros par module de 2 heures.<\/li>\n<\/ul>\n<p>Contact: begirada@sfr.fr<\/p>\n<p>&nbsp;<\/p>\n<p><a href=\"http:\/\/begirada.fr\/wp-content\/uploads\/2020\/02\/w-ALAIN-PRISE-DE-VUE.jpg\" rel=\"attachment wp-att-2789\"><img fetchpriority=\"high\" decoding=\"async\" class=\"alignnone size-large wp-image-2789\" src=\"http:\/\/begirada.fr\/wp-content\/uploads\/2020\/02\/w-ALAIN-PRISE-DE-VUE-1024x378.jpg\" alt=\"w- ALAIN PRISE DE VUE\" width=\"1024\" height=\"378\" srcset=\"https:\/\/begirada.fr\/wp-content\/uploads\/2020\/02\/w-ALAIN-PRISE-DE-VUE-1024x378.jpg 1024w, https:\/\/begirada.fr\/wp-content\/uploads\/2020\/02\/w-ALAIN-PRISE-DE-VUE-300x111.jpg 300w, https:\/\/begirada.fr\/wp-content\/uploads\/2020\/02\/w-ALAIN-PRISE-DE-VUE-768x284.jpg 768w, https:\/\/begirada.fr\/wp-content\/uploads\/2020\/02\/w-ALAIN-PRISE-DE-VUE-705x260.jpg 705w, https:\/\/begirada.fr\/wp-content\/uploads\/2020\/02\/w-ALAIN-PRISE-DE-VUE.jpg 1500w\" sizes=\"(max-width: 1024px) 100vw, 1024px\" \/><\/a><\/p>\n","protected":false},"excerpt":{"rendered":"<p>\u00a0. Le club propose des formations individualis\u00e9es sur mesure pour les d\u00e9butants. Th\u00e8mes propos\u00e9s \u00e0 adapter selon vos besoins:\u00a0 Prendre en main son appareil photo. Comprendre les notions d&rsquo;iso, de vitesse, d&rsquo;ouverture pour sortir du mode automatique. Technique de prise [&hellip;]<\/p>\n","protected":false},"author":1,"featured_media":2767,"parent":0,"menu_order":0,"comment_status":"closed","ping_status":"closed","template":"","meta":[],"_links":{"self":[{"href":"https:\/\/begirada.fr\/index.php\/wp-json\/wp\/v2\/pages\/2762"}],"collection":[{"href":"https:\/\/begirada.fr\/index.php\/wp-json\/wp\/v2\/pages"}],"about":[{"href":"https:\/\/begirada.fr\/index.php\/wp-json\/wp\/v2\/types\/page"}],"author":[{"embeddable":true,"href":"https:\/\/begirada.fr\/index.php\/wp-json\/wp\/v2\/users\/1"}],"replies":[{"embeddable":true,"href":"https:\/\/begirada.fr\/index.php\/wp-json\/wp\/v2\/comments?post=2762"}],"version-history":[{"count":12,"href":"https:\/\/begirada.fr\/index.php\/wp-json\/wp\/v2\/pages\/2762\/revisions"}],"predecessor-version":[{"id":2790,"href":"https:\/\/begirada.fr\/index.php\/wp-json\/wp\/v2\/pages\/2762\/revisions\/2790"}],"wp:featuredmedia":[{"embeddable":true,"href":"https:\/\/begirada.fr\/index.php\/wp-json\/wp\/v2\/media\/2767"}],"wp:attachment":[{"href":"https:\/\/begirada.fr\/index.php\/wp-json\/wp\/v2\/media?parent=2762"}],"curies":[{"name":"wp","href":"https:\/\/api.w.org\/{rel}","templated":true}]}}